e?
True
Is 1658471209 a composite number?
False
Is 185645767 prime?
True
Is 782114303 composite?
False
Is 144967582337 prime?
True
Is 1341178589 a composite number?
False
Is 728750293 a composite number?
False
Is 8855632897 composite?
False
Is 326151013 composite?
False
Is 362467678 a prime number?
False
Is 2622922187 prime?
True
Is 9298050959 composite?
False
Is 106360123 a prime number?
False
Is 6040390667 a prime number?
True
Is 1309582137 a prime number?
False
Is 9302302379 prime?
True
Is 8050888187 a prime number?
True
Is 4956901073 composite?
False
Is 77724453061 composite?
True
Is 12746871461 a composite number?
True
Is 2011378081 a composite number?
True
Is 501680297 prime?
True
Is 39751649 a composite number?
True
Is 81998696761 a prime number?
False
Is 5515477421 prime?
True
Is 1689351269 a composite number?
True
Is 2188743391 a prime number?
False
Is 228645713 a prime number?
False
Is 119899963 composite?
True
Is 10608453131 composite?
True
Is 14833568941 a prime number?
True
Is 624986287 a prime number?
False
Is 4010075473 a prime number?
True
Is 374444137 composite?
False
Is 3232797581 a prime number?
False
Is 644207383 a composite number?
False
Is 21847659527 composite?
False
Is 645368923 prime?
True
Is 99517087063 composite?
False
Is 160593848197 a composite number?
False
Is 4029896969 prime?
False
Is 33147129407 a prime number?
False
Is 1125762751 a prime number?
True
Is 3111117083 a composite number?
True
Is 1301318923 a prime number?
False
Is 34947324343 a prime number?
False
Is 16319454331 prime?
False
Is 945488497 prime?
True
Is 101165087 a composite number?
False
Is 660925943 composite?
True
Is 22644172671 composite?
True
Is 492783455 composite?
True
Is 503494373 prime?
False
Is 49802420897 a prime number?
True
Is 75682795641 a prime number?
False
Is 16699773257 a prime number?
False
Is 2183027194 a composite number?
True
Is 72766731313 a composite number?
True
Is 1733248961 a composite number?
False
Is 3732512227 prime?
False
Is 229761959767 prime?
True
Is 328047247 composite?
True
Is 90180148249 a prime number?
False
Is 51164851 composite?
False
Is 8445724397 composite?
True
Is 7479756751 a prime number?
True
Is 113981600423 a prime number?
True
Is 6272409071 a prime number?
False
Is 52587439171 composite?
False
Is 208014319 composite?
True
Is 3799058171 prime?
True
Is 632106521 prime?
False
Is 32284497097 composite?
False
Is 192420203 prime?
True
Is 550406891 a prime number?
False
Is 25454763109 a prime number?
True
Is 14608845809 prime?
False
Is 98868014969 composite?
False
Is 1151669047 prime?
True
Is 13231991117 prime?
False
Is 264949639 composite?
False
Is 460674317 composite?
False
Is 1451792557 a composite number?
True
Is 10600829443 a composite number?
False
Is 46332235879 a prime number?
True
Is 14020865671 a prime number?
True
Is 14476986551 a prime number?
False
Is 103508407 prime?
False
Is 582191773 a composite number?
True
Is 32585208457 composite?
True
Is 13563509489 composite?
False
Is 5405819297 a prime number?
True
Is 20487114227 prime?
True
Is 1087067191 prime?
False
Is 19184867899 prime?
True
Is 7256366291 a prime number?
True
Is 17129900599 prime?
False
Is 766421267 prime?
False
Is 6092210147 composite?
False
Is 949368971 composite?
True
Is 91480951 a prime number?
False
Is 5167958 a prime number?
False
Is 1885140403 composite?
False
Is 125498975387 composite?
True
Is 373510871 a prime number?
False
Is 5906855561 composite?
True
Is 2637102445 composite?
True
Is 10650141727 a composite number?
True
Is 8186957 prime?
False
Is 17082896813 a composite number?
False
Is 14339396377 composite?
False
Is 3914247235 a composite number?
True
Is 1406777291 a prime number?
True
Is 3961826641 a prime number?
False
Is 19081709321 a composite number?
False
Is 572803613 a prime number?
False
Is 9407548841 composite?
True
Is 10821650963 a composite number?
True
Is 229119973 prime?
True
Is 34676500409 a composite number?
False
Is 259467139 composite?
True
Is 3575532767 a prime number?
True
Is 56033647214 a prime number?
False
Is 28619385317 composite?
True
Is 72108208351 a composite number?
False
Is 1544785973 a composite number?
False
Is 4518947519 prime?
False
Is 222109001 composite?
True
Is 19993848863 prime?
True
Is 423950561 composite?
False
Is 90757196833 a prime number?
True
Is 4432602323 a prime number?
True
Is 403411 a prime number?
False
Is 15431464753 composite?
False
Is 42594136603 prime?
False
Is 47388991613 composite?
False
Is 1664899973 composite?
True
Is 21853210747 composite?
False
Is 144544410503 prime?
True
Is 10343405407 a composite number?
False
Is 25601557 a composite number?
True
Is 4993908497 prime?
False
Is 7892283797 a prime number?
False
Is 2520656189 composite?
True
Is 549302197 a prime number?
False
Is 777930437 a prime number?
True
Is 177476021 prime?
True
Is 111366599 composite?
False
Is 971765 a composite number?
True
Is 16106876999 prime?
True
Is 131832097429 prime?
False
Is 160188683 composite?
False
Is 10220581759 a composite number?
False
Is 75527866327 a composite number?
False
Is 96310045967 a composite number?
False
Is 200879753 a prime number?
False
Is 624391951 composite?
True
Is 20977862027 a composite number?
False
Is 6893900011 composite?
False
Is 548052149 composite?
False
Is 3225208699 composite?
False
Is 434884553 a prime number?
True
Is 293568293 a composite number?
True
Is 1532756569 a prime number?
False
Is 7556943621 prime?
False
Is 6620189527 prime?
False
Is 16988403709 a composite number?
True
Is 304216379191 a composite number?
True
Is 1556966087 composite?
True
Is 10679129521 composite?
False
Is 661468117 a prime number?
True
Is 22652293 composite?
False
Is 9462559529 a prime number?
True
Is 108252641053 prime?
False
Is 5613773713 prime?
False
Is 1118493331 composite?
True
Is 7312717249 composite?
True
Is 78983114039 a composite number?
False
Is 520540373 prime?
True
Is 43870767313 composite?
False
Is 19720923221 a prime number?
True
Is 7094337527 prime?
True
Is 202349711741 composite?
False
Is 59072694641 prime?
True
Is 3211622111 prime?
True
Is 69146349553 composite?
False
Is 2503034713 a composite number?
True
Is 10079969981 a composite number?
False
Is 64634232049 a composite number?
False
Is 6090234049 composite?
False
Is 132306341 a composite number?
True
Is 2154198659 composite?
False
Is 438412763 composite?
True
Is 7107420179 a prime number?
False
Is 433364297 composite?
False
Is 1573618729 prime?
True
Is 404334173 a prime number?
False
Is 1853938861 a composite number?
True
Is 997861967 a composite number?
False
Is 417826939 composite?
False
Is 766067717 prime?
True
Is 136480361131 a composite number?
True
Is 250897133 a prime number?
False
Is 435713461 prime?
False
Is 669734519 prime?
True
Is 43598754041 a composite number?
False
Is 24154133 composite?
True
Is 173456759711 composite?
False
Is 15172545005 a composite number?
True
Is 3297727113 a prime number?
False
Is 40306282099 composite?
False
Is 18100510619 prime?
True
Is 17093395873 a prime number?
False
Is 21384075649 prime?
True
Is 5763458641 composite?
False
Is 3582726161 prime?
False
Is 29004986887 composite?
False
Is 2938799821 composite?
False
Is 5849053279 composite?
False
Is 1445715737 prime?
True
Is 9462331889 a composite number?
True
Is 952607917 prime?
False
Is 7459158086 prime?
False
Is 19508148199 prime?
True
Is 817329049 a prime number?
True
Is 5034305291 composite?
False
Is 606779617 prime?
False
Is 13515612971 composite?
True
Is 10928760991 a composite number?
False
Is 30634754317 composite?
False
Is 117096431 a composite number?
False
Is 22190734877 composite?
True
Is 2142255901 a prime number?
False
Is 110754930059 prime?
True
Is 1551704269 a composite number?
True
Is 12626023009 a composite number?
False
Is 318564601 prime?
True
Is 55717701289 prime?
True
Is 1949505611 a composite number?
True
Is 2755737593 prime?
False
Is 544391149235 a composite number?
True
Is 962527873 a prime number?
False
Is 145486837 prime?
True
Is 440504879 prime?
True
Is 3856406189 prime?
True
Is 116464541429 composite?
True
Is 76793837 prime?
False
Is 55752082937 composite?
False
Is 5763553897 a composite number?
False
Is 19199824783 a composite number?
True
Is 459067087 a prime number?
True
Is 1134677